 (base 12) to base 6.
-33
Convert 7 (base 11) to base 7.
10
-115 (base 6) to base 14
-35
a7 (base 14) to base 8
223
0 (base 6) to base 13
0
41 (base 10) to base 6
105
313 (base 8) to base 4
3023
What is -14 (base 11) in base 5?
-30
Convert 130 (base 13) to base 5.
1313
-1 (base 13) to base 14
-1
What is -3 (base 7) in base 4?
-3
-2 (base 3) to base 14
-2
What is -35 (base 7) in base 8?
-32
45 (base 9) to base 10
41
What is 11 (base 16) in base 4?
101
Convert 2 (base 5) to base 14.
2
Convert 243 (base 10) to base 3.
100000
-10 (base 3) to base 15
-3
Convert -16 (base 8) to base 2.
-1110
What is -1012 (base 3) in base 12?
-28
-3 (base 6) to base 16
-3
What is -10101 (base 2) in base 8?
-25
What is -17 (base 8) in base 9?
-16
Convert 220 (base 3) to base 9.
26
10111111 (base 2) to base 4
2333
2011 (base 3) to base 2
111010
What is -2 (base 9) in base 5?
-2
1 (base 6) to base 10
1
Convert -14 (base 6) to base 2.
-1010
What is 1 (base 3) in base 9?
1
Convert -5 (base 13) to base 12.
-5
-7 (base 14) to base 15
-7
Convert 8d (base 14) to base 15.
85
Convert 11110 (base 2) to base 11.
28
Convert 10 (base 8) to base 4.
20
-11 (base 6) to base 12
-7
What is -101001 (base 2) in base 7?
-56
Convert 130 (base 5) to base 7.
55
What is -1 (base 7) in base 15?
-1
-37 (base 10) to base 4
-211
Convert 21120 (base 3) to base 4.
3030
Convert -11 (base 6) to base 12.
-7
Convert -5 (base 12) to base 8.
-5
-23 (base 7) to base 15
-12
Convert -2 (base 14) to base 6.
-2
-d (base 15) to base 10
-13
-4c (base 14) to base 15
-48
What is 2 (base 3) in base 16?
2
What is -2 (base 3) in base 12?
-2
What is -17 (base 16) in base 13?
-1a
What is 1 (base 11) in base 15?
1
What is 1201 (base 3) in base 6?
114
What is 10 (base 14) in base 10?
14
What is -42 (base 6) in base 7?
-35
What is -35 (base 10) in base 15?
-25
-201 (base 5) to base 11
-47
12 (base 4) to base 13
6
What is 3 (base 11) in base 3?
10
What is -4 (base 9) in base 12?
-4
What is -1 (base 13) in base 5?
-1
What is 0 (base 4) in base 11?
0
Convert 20 (base 12) to base 5.
44
Convert 2 (base 16) to base 7.
2
-5 (base 12) to base 3
-12
Convert 13 (base 16) to base 13.
16
What is 34 (base 12) in base 13?
31
What is -5 (base 6) in base 13?
-5
Convert 213 (base 9) to base 14.
c6
36 (base 9) to base 11
30
-202 (base 6) to base 16
-4a
What is 1 (base 11) in base 10?
1
1023 (base 4) to base 12
63
Convert 10012 (base 4) to base 15.
127
What is -8 (base 12) in base 2?
-1000
Convert -9 (base 15) to base 8.
-11
What is 212 (base 3) in base 10?
23
-303 (base 4) to base 2
-110011
-1 (base 5) to base 2
-1
-220 (base 4) to base 2
-101000
3 (base 13) to base 9
3
What is 10 (base 5) in base 9?
5
111212 (base 3) to base 6
1422
What is -74 (base 14) in base 7?
-204
What is 11 (base 3) in base 12?
4
6 (base 9) to base 8
6
8a (base 13) to base 9
136
What is -5 (base 16) in base 13?
-5
Convert 6 (base 10) to base 16.
6
What is -47 (base 10) in base 16?
-2f
Convert 110 (base 3) to base 15.
c
Convert 11 (base 2) to base 6.
3
What is 1 (base 16) in base 9?
1
What is -1213 (base 4) in base 16?
-67
Convert 11010001 (base 2) to base 15.
de
Convert 5 (base 8) to base 9.
5
1b (base 15) to base 7
35
Convert 54 (base 7) to base 6.
103
What is -2 (base 5) in base 11?
-2
140 (base 6) to base 4
330
What is d (base 16) in base 12?
11
Convert -10 (base 2) to base 15.
-2
Convert -b (base 16) to base 9.
-12
What is -5 (base 6) in base 15?
-5
What is -32 (base 15) in base 14?
-35
-101 (base 10) to base 13
-7a
-15 (base 10) to base 8
-17
Convert -30 (base 11) to base 4.
-201
Convert 11 (base 5) to base 14.
6
Convert 3 (base 4) to base 3.
10
Convert -200 (base 6) to base 11.
-66
What is -201 (base 3) in base 10?
-19
Convert 40 (base 15) to base 12.
50
Convert -23 (base 13) to base 6.
-45
Convert 100 (base 3) to base 5.
14
Convert -1211 (base 5) to base 13.
-10c
-3 (base 6) to base 10
-3
Convert -4 (base 5) to base 6.
-4
Convert 3 (base 5) to base 14.
3
What is 0 (base 14) in base 6?
0
Convert 43 (base 6) to base 12.
23
-1 (base 4) to base 10
-1
What is 5 (base 8) in base 2?
101
2 (base 5) to base 13
2
What is 10 (base 2) in base 13?
2
Convert 100 (base 3) to base 7.
12
Convert 2 (base 8) to base 10.
2
Convert -3 (base 9) to base 7.
-3
Convert e7 (base 15) to base 12.
161
-134 (base 7) to base 4
-1022
Convert -10 (base 2) to base 4.
-2
13 (base 15) to base 5
33
Convert -1 (base 7) to base 14.
-1
What is -5 (base 9) in base 5?
-10
What is 1 (base 7) in base 12?
1
Convert -5 (base 14) to base 3.
-12
What is -5 (base 10) in base 8?
-5
-10010011 (base 2) to base 15
-9c
Convert 5a (base 14) to base 4.
1100
-18 (base 10) to base 12
-16
What is -111 (base 3) in base 9?
-14
15 (base 8) to base 4
31
3 (base 4) to base 14
3
Convert 3 (base 15) to base 4.
3
What is 6 (base 13) in base 5?
11
1b3 (base 12) to base 11
234
Convert 50 (base 14) to base 15.
4a
Convert 5 (base 11) to base 13.
5
What is -27 (base 12) in base 6?
-51
Convert -2 (base 15) to base 2.
-10
What is -41 (base 7) in base 12?
-25
Convert b (base 16) to base 14.
b
Convert 36 (base 10) to base 14.
28
41 (base 10) to base 9
45
Convert -131 (base 8) to base 15.
-5e
10 (base 14) to base 10
14
What is 111 (base 15) in base 16?
f1
-3e (base 15) to base 4
-323
Convert -4 (base 10) to base 11.
-4
Convert 20 (base 4) to base 3.
22
4 (base 7) to base 9
4
What is -4 (base 13) in base 10?
-4
What is 111 (base 2) in base 10?
7
-8 (base 16) to base 7
-11
Convert -33 (base 12) to base 16.
-27
What is db (base 14) in base 12?
141
Convert 6 (base 8) to base 7.
6
Convert 14 (base 5) to base 7.
12
Convert 26 (base 7) to base 11.
19
Convert 12 (base 9) to base 3.
102
What is 343 (base 5) in base 2?
1100010
What is -1d (base 14) in base 4?
-123
What is 101 (base 3) in base 7?
13
Convert 0 (base 14) to base 3.
0
Convert 23 (base 5) to base 4.
31
1113 (base 4) to base 9
106
What is ca (base 13) in base 9?
204
Convert 8 (base 12) to base 15.
8
What is -10 (base 7) in base 15?
-7
What is 88 (base 15) in base 9?
152
-95 (base 14) to base 15
-8b
Convert 9 (base 14) to base 11.
9
What is -31 (base 13) in base 12?
-34
Convert 20010 (base 3) to base 15.
b0
What is -121 (base 3) in base 4?
-100
Convert 1 (base 14) to base 8.
1
-2 (base 6) to base 13
-2
Convert 13 (base 8) to base 7.
14
What is 11 (base 8) in base 2?
1001
-54 (base 8) to base 12
-38
2 (base 14) to base 6
2
Convert -101011 (base 2) to base 8.
-53
What is -1 (base 12) in base 7?
-1
What is -100 (base 2) in base 9?
-4
Convert 8c (base 14) to base 9.
147
What is -1 (base 7) in base 16?
-1
Convert -2 (base 15) to base 3.
-2
1122 (base 5) to base 9
200
8 (base 9) to base 12
8
Convert -3 (base 5) to base 9.
-3
What is -52 (base 15) in base 2?
-1001101
What is 14 (base 5) in base 4?
21
55 (base 7) to base 12
34
What is -17a (base 12) in base 6?
-1034
-2 (base 11) to base 8
-2
14 (base 14) to base 3
200
What is -3 (base 5) in base 6?
-3
4 (base 8) to base 13
4
-23 (base 8) to base 15
-14
Convert 14 (base 12) to base 14.
12
Convert 111 (base 2) to base 11.
7
Convert 1011111 (base 2) to base 4.
1133
What is -2122 (base 3) in base 13?
-56
Convert 2 (base 7) to base 2.
10
What is 0 (base 5) in base 9?
0
101 (base 2) to base 5
10
What is -1100 (base 2) in base 10?
-12
20 (base 14) to base 12
24
33 (base 8) to base 10
27
Convert -8 (base 14) to base 12.
-8
What is -144 (base 14) in base 8?
-400
9 (base 13) to base 16
9
What is 47 (base 12) in base 2?
110111
Convert c (base 15) to base 10.
12
What is -6 (base 16) in base 2?
-110
What is 3 (base 15) in base 5?
3
What is 2 (base 11) in base 14?
2
196 (base 10) to base 2
11000100
Convert 10100010 (base 2) to base 9.
200
What is 122 (base 5) in base 9?
41
What is -12 (base 14) in base 9?
-17
Convert 1100011 (base 2) to base 5.
344
Convert 3 (base 4) to base 3.
10
-2a (base 13) to base 4
-210
What is 107 (base 10) in base 3?
10222
Convert 20 (base 8) to base 11.
15
Convert 57 (base 14) to base 15.
52
Convert -76 (base 15) to base 11.
-a1
-2a (base 16) to base 14
-30
Convert 7 (base 14) to base 15.
7
What is -2 (base 11) in base 9?
-2
Convert 226 (base 7) to base 5.
433
Convert -100001001 (base 2) to base 13.
-175
-157 (base 13) to base 10
-241
a2 (base 12) to base 7
233
Convert 0 (base 5) to base 6.
0
Convert -1a (base 11) to base 14